{"id":1087,"date":"2023-01-13T08:59:40","date_gmt":"2023-01-13T08:59:40","guid":{"rendered":"https:\/\/biosiris.jmgmedia.com\/staging\/?page_id=1087"},"modified":"2023-07-05T10:08:50","modified_gmt":"2023-07-05T10:08:50","slug":"mentions-legales","status":"publish","type":"page","link":"https:\/\/biosiris-cosmetiques.com\/index.php\/mentions-legales\/","title":{"rendered":"Mentions l\u00e9gales"},"content":{"rendered":"\t\t<div data-elementor-type=\"wp-page\" data-elementor-id=\"1087\" class=\"elementor elementor-1087\">\n\t\t\t\t\t\t<section class=\"elementor-section elementor-top-section elementor-element elementor-element-666022d elementor-section-boxed elementor-section-height-default elementor-section-height-default\" data-id=\"666022d\" data-element_type=\"section\" data-e-type=\"section\">\n\t\t\t\t\t\t<div class=\"elementor-container elementor-column-gap-default\">\n\t\t\t\t\t<div class=\"elementor-column elementor-col-100 elementor-top-column elementor-element elementor-element-1c5b793\" data-id=\"1c5b793\" data-element_type=\"column\" data-e-type=\"column\">\n\t\t\t<div class=\"elementor-widget-wrap elementor-element-populated\">\n\t\t\t\t\t\t<div class=\"elementor-element elementor-element-735578d elementor-widget elementor-widget-heading\" data-id=\"735578d\" data-element_type=\"widget\" data-e-type=\"widget\" data-widget_type=\"heading.default\">\n\t\t\t\t<div class=\"elementor-widget-container\">\n\t\t\t\t\t<h1 class=\"elementor-heading-title elementor-size-default\">Mentions l\u00e9gales et confidentialit\u00e9<\/h1>\t\t\t\t<\/div>\n\t\t\t\t<\/div>\n\t\t\t\t\t<\/div>\n\t\t<\/div>\n\t\t\t\t\t<\/div>\n\t\t<\/section>\n\t\t\t\t<section class=\"elementor-section elementor-top-section elementor-element elementor-element-5d0b9e9 elementor-section-boxed elementor-section-height-default elementor-section-height-default\" data-id=\"5d0b9e9\" data-element_type=\"section\" data-e-type=\"section\">\n\t\t\t\t\t\t<div class=\"elementor-container elementor-column-gap-default\">\n\t\t\t\t\t<div class=\"elementor-column elementor-col-100 elementor-top-column elementor-element elementor-element-b65c3bc\" data-id=\"b65c3bc\" data-element_type=\"column\" data-e-type=\"column\">\n\t\t\t<div class=\"elementor-widget-wrap elementor-element-populated\">\n\t\t\t\t\t\t<div class=\"elementor-element elementor-element-a18d153 elementor-widget elementor-widget-text-editor\" data-id=\"a18d153\" data-element_type=\"widget\" data-e-type=\"widget\" data-widget_type=\"text-editor.default\">\n\t\t\t\t<div class=\"elementor-widget-container\">\n\t\t\t\t\t\t\t\t\t<div>\n<div>\n<h2>G\u00e9n\u00e9ralit\u00e9s<\/h2>\n<p>Le site <a href=\"https:\/\/www.biosiris-cosmetiques.com\/\">biosiris-cosmetiques.com<\/a> est g\u00e9r\u00e9 par la soci\u00e9t\u00e9 ORGANIC-LAB-COSMETIC sarl au capital de 19 900 euros, immatricul\u00e9e au Registre du Commerce et des Soci\u00e9t\u00e9s de Bourges<\/p>\n<p>N\u00b0 SIREN 501 747 117 &#8211; N\u00b0 SIRET 501 747 117 00015<\/p>\n<p>RCS BOURGES n\u00b0 501 747 117 &#8211; N\u00b0 de gestion 2008 B20<br>Code APE\/NAF 245C<br>dont le si\u00e8ge social est situ\u00e9 : Ferme de Dady-18120 MASSAY<br>Toute correspondance est \u00e0 adresser \u00e0 <br>Ferme de dady<br>18120 MASSAY<\/p>\n<p>Directeur de publication : VONNET FEUILLET Sabrina<\/p>\n<p>H\u00e9bergement :<br><strong>JMGMEDIA<\/strong><br>4 place de la Paix<br>41200 Romorantin-Lanthenay<br>Tel : 02 54 96 98 05<br>E mail : contact@jmgmedia.com<span><\/span><\/p>\n<h2>Confidentialit\u00e9<\/h2>\n<p>Biosiris s&rsquo;engage \u00e0 pr\u00e9server la confidentialit\u00e9 des informations \u00e9ventuellement fournies en ligne par l&rsquo;internaute, qu&rsquo;il serait amen\u00e9 \u00e0 transmettre \u00e0 Biosiris pour l&rsquo;utilisation de certains services. Toute information le concernant est soumise aux dispositions de la loi n\u00b0 78-17 du 6 janvier 1978. A ce titre, l&rsquo;internaute dispose d&rsquo;un droit d&rsquo;acc\u00e8s, de modification, de rectification et de suppression des informations le concernant, qu&rsquo;il peut exercer ou obtenir communication des informations le concernant en s&rsquo;adressant \u00e0 :<br>Biosiris<br>Ferme de dady<br>18120 MASSAY<br>ou \u00e0 : <span><a href=\"mailto:contact@biosiris-cosmetiques.com\">contact@biosiris-cosmetiques.com<\/a><\/span><\/p>\n<p><b><span style=\"font-size:11.0pt;font-family:&quot;Trebuchet MS&quot;,sans-serif; mso-fareast-font-family:&quot;Times New Roman&quot;;mso-bidi-font-family:&quot;Times New Roman&quot;; mso-ansi-language:FR;mso-fareast-language:FR;mso-bidi-language:AR-SA\">&nbsp;<\/span><\/b><span style=\"font-size: 14px; color: var( --e-global-color-text );\"><span style=\"font-size: 12pt; font-family: &quot;Trebuchet MS&quot;, sans-serif;\">Organic-Lab Cosmetic tient \u00e0 vous rappeler son engagement\n\u00e0 respecter la confiance que vous lui accordez en renseignant vos donn\u00e9es\npersonnelles et \u00e0 appliquer la r\u00e8glementation en vigueur en France et dans\nl&rsquo;Union Europ\u00e9enne en mati\u00e8re de protection des donn\u00e9es personnelles, en\nparticulier la loi n\u00b078-17du 06 janvier 1978 modifi\u00e9e et le r\u00e8glement g\u00e9n\u00e9ral\nsur la protection des donn\u00e9es ou RGPD (ensemble, la\n\u00ab\u00a0R\u00e8glementation\u00a0\u00bb).<\/span><\/span><\/p>\n\n<p><span style=\"font-size: 12pt; font-family: &quot;Trebuchet MS&quot;, sans-serif;\">Conform\u00e9ment \u00e0 la r\u00e8glementation vous disposez de\ndiff\u00e9rents droits que vous pouvez exercer \u00e0 tout moment. Nous vous informons\nque si vous ne souhaitez pas faire l&rsquo;objet de d\u00e9marchage t\u00e9l\u00e9phonique, vous\npouvez vous inscrire sur une liste d&rsquo;opposition sur le site\nhttp:\/\/www.bloctel.gouv.fr<i><o:p><\/o:p><\/i><\/span><\/p>\n<h2>Droit de propri\u00e9t\u00e9 BIOSIRIS<\/h2>\n<p>Il est rappel\u00e9 que BIOSIRIS sarl est propri\u00e9taire de la marque BIOSIRIS, laquelle est r\u00e9guli\u00e8rement d\u00e9pos\u00e9e aupr\u00e8s de l&rsquo;Institut National de la Propri\u00e9t\u00e9 Industrielle (INPI). L&rsquo;internaute reconna\u00eet les droits exclusifs de celle-ci sur sa marque BIOSIRIS et s&rsquo;interdit d&rsquo;en faire un usage quelconque et plus g\u00e9n\u00e9ralement de porter atteinte aux droits de propri\u00e9t\u00e9 intellectuelle de BIOSIRIS. La soci\u00e9t\u00e9 se r\u00e9serve le droit de demander des dommages et int\u00e9r\u00eats en cas de contrefa\u00e7on et plus g\u00e9n\u00e9ralement d&rsquo;atteinte \u00e0 ses droits de propri\u00e9t\u00e9 intellectuelle.<\/p>\n<\/div>\n<\/div>\t\t\t\t\t\t\t\t<\/div>\n\t\t\t\t<\/div>\n\t\t\t\t\t<\/div>\n\t\t<\/div>\n\t\t\t\t\t<\/div>\n\t\t<\/section>\n\t\t\t\t<\/div>\n\t\t","protected":false},"excerpt":{"rendered":"<p>Mentions l\u00e9gales et confidentialit\u00e9 G\u00e9n\u00e9ralit\u00e9s Le site biosiris-cosmetiques.com est g\u00e9r\u00e9 par la soci\u00e9t\u00e9 ORGANIC-LAB-COSMETIC sarl au capital de 19 900 euros, immatricul\u00e9e au Registre du Commerce et des Soci\u00e9t\u00e9s de Bourges N\u00b0 SIREN 501 747 117 &#8211; N\u00b0 SIRET 501 747 117 00015 RCS BOURGES n\u00b0 501 747 117 &#8211; N\u00b0 de gestion 2008 B20Code [&hellip;]<\/p>\n","protected":false},"author":1,"featured_media":0,"parent":0,"menu_order":0,"comment_status":"closed","ping_status":"closed","template":"","meta":{"ocean_post_layout":"","ocean_both_sidebars_style":"","ocean_both_sidebars_content_width":0,"ocean_both_sidebars_sidebars_width":0,"ocean_sidebar":"0","ocean_second_sidebar":"0","ocean_disable_margins":"enable","ocean_add_body_class":"","ocean_shortcode_before_top_bar":"","ocean_shortcode_after_top_bar":"","ocean_shortcode_before_header":"","ocean_shortcode_after_header":"","ocean_has_shortcode":"","ocean_shortcode_after_title":"","ocean_shortcode_before_footer_widgets":"","ocean_shortcode_after_footer_widgets":"","ocean_shortcode_before_footer_bottom":"","ocean_shortcode_after_footer_bottom":"","ocean_display_top_bar":"default","ocean_display_header":"default","ocean_header_style":"","ocean_center_header_left_menu":"0","ocean_custom_header_template":"0","ocean_custom_logo":0,"ocean_custom_retina_logo":0,"ocean_custom_logo_max_width":0,"ocean_custom_logo_tablet_max_width":0,"ocean_custom_logo_mobile_max_width":0,"ocean_custom_logo_max_height":0,"ocean_custom_logo_tablet_max_height":0,"ocean_custom_logo_mobile_max_height":0,"ocean_header_custom_menu":"0","ocean_menu_typo_font_family":"0","ocean_menu_typo_font_subset":"","ocean_menu_typo_font_size":0,"ocean_menu_typo_font_size_tablet":0,"ocean_menu_typo_font_size_mobile":0,"ocean_menu_typo_font_size_unit":"px","ocean_menu_typo_font_weight":"","ocean_menu_typo_font_weight_tablet":"","ocean_menu_typo_font_weight_mobile":"","ocean_menu_typo_transform":"","ocean_menu_typo_transform_tablet":"","ocean_menu_typo_transform_mobile":"","ocean_menu_typo_line_height":0,"ocean_menu_typo_line_height_tablet":0,"ocean_menu_typo_line_height_mobile":0,"ocean_menu_typo_line_height_unit":"","ocean_menu_typo_spacing":0,"ocean_menu_typo_spacing_tablet":0,"ocean_menu_typo_spacing_mobile":0,"ocean_menu_typo_spacing_unit":"","ocean_menu_link_color":"","ocean_menu_link_color_hover":"","ocean_menu_link_color_active":"","ocean_menu_link_background":"","ocean_menu_link_hover_background":"","ocean_menu_link_active_background":"","ocean_menu_social_links_bg":"","ocean_menu_social_hover_links_bg":"","ocean_menu_social_links_color":"","ocean_menu_social_hover_links_color":"","ocean_disable_title":"default","ocean_disable_heading":"default","ocean_post_title":"","ocean_post_subheading":"","ocean_post_title_style":"","ocean_post_title_background_color":"","ocean_post_title_background":0,"ocean_post_title_bg_image_position":"","ocean_post_title_bg_image_attachment":"","ocean_post_title_bg_image_repeat":"","ocean_post_title_bg_image_size":"","ocean_post_title_height":0,"ocean_post_title_bg_overlay":0.5,"ocean_post_title_bg_overlay_color":"","ocean_disable_breadcrumbs":"default","ocean_breadcrumbs_color":"","ocean_breadcrumbs_separator_color":"","ocean_breadcrumbs_links_color":"","ocean_breadcrumbs_links_hover_color":"","ocean_display_footer_widgets":"default","ocean_display_footer_bottom":"default","ocean_custom_footer_template":"0","footnotes":""},"class_list":["post-1087","page","type-page","status-publish","hentry","entry","owp-thumbs-layout-horizontal","owp-btn-normal","owp-tabs-layout-horizontal","has-no-thumbnails","has-product-nav"],"yoast_head":"<!-- This site is optimized with the Yoast SEO plugin v27.3 - https:\/\/yoast.com\/product\/yoast-seo-wordpress\/ -->\n<title>Mentions l\u00e9gales - Biosiris Cosm\u00e9tiques<\/title>\n<meta name=\"robots\" content=\"index, follow, max-snippet:-1, max-image-preview:large, max-video-preview:-1\" \/>\n<link rel=\"canonical\" href=\"https:\/\/biosiris-cosmetiques.com\/index.php\/mentions-legales\/\" \/>\n<meta property=\"og:locale\" content=\"fr_FR\" \/>\n<meta property=\"og:type\" content=\"article\" \/>\n<meta property=\"og:title\" content=\"Mentions l\u00e9gales - Biosiris Cosm\u00e9tiques\" \/>\n<meta property=\"og:description\" content=\"Mentions l\u00e9gales et confidentialit\u00e9 G\u00e9n\u00e9ralit\u00e9s Le site biosiris-cosmetiques.com est g\u00e9r\u00e9 par la soci\u00e9t\u00e9 ORGANIC-LAB-COSMETIC sarl au capital de 19 900 euros, immatricul\u00e9e au Registre du Commerce et des Soci\u00e9t\u00e9s de Bourges N\u00b0 SIREN 501 747 117 &#8211; N\u00b0 SIRET 501 747 117 00015 RCS BOURGES n\u00b0 501 747 117 &#8211; N\u00b0 de gestion 2008 B20Code [&hellip;]\" \/>\n<meta property=\"og:url\" content=\"https:\/\/biosiris-cosmetiques.com\/index.php\/mentions-legales\/\" \/>\n<meta property=\"og:site_name\" content=\"Biosiris Cosm\u00e9tiques\" \/>\n<meta property=\"article:publisher\" content=\"https:\/\/www.facebook.com\/biosiris.cosmetiques\" \/>\n<meta property=\"article:modified_time\" content=\"2023-07-05T10:08:50+00:00\" \/>\n<meta name=\"twitter:card\" content=\"summary_large_image\" \/>\n<meta name=\"twitter:label1\" content=\"Dur\u00e9e de lecture estim\u00e9e\" \/>\n\t<meta name=\"twitter:data1\" content=\"2 minutes\" \/>\n<script type=\"application\/ld+json\" class=\"yoast-schema-graph\">{\"@context\":\"https:\\\/\\\/schema.org\",\"@graph\":[{\"@type\":\"WebPage\",\"@id\":\"https:\\\/\\\/biosiris-cosmetiques.com\\\/index.php\\\/mentions-legales\\\/\",\"url\":\"https:\\\/\\\/biosiris-cosmetiques.com\\\/index.php\\\/mentions-legales\\\/\",\"name\":\"Mentions l\u00e9gales - Biosiris Cosm\u00e9tiques\",\"isPartOf\":{\"@id\":\"https:\\\/\\\/biosiris-cosmetiques.com\\\/#website\"},\"datePublished\":\"2023-01-13T08:59:40+00:00\",\"dateModified\":\"2023-07-05T10:08:50+00:00\",\"breadcrumb\":{\"@id\":\"https:\\\/\\\/biosiris-cosmetiques.com\\\/index.php\\\/mentions-legales\\\/#breadcrumb\"},\"inLanguage\":\"fr-FR\",\"potentialAction\":[{\"@type\":\"ReadAction\",\"target\":[\"https:\\\/\\\/biosiris-cosmetiques.com\\\/index.php\\\/mentions-legales\\\/\"]}]},{\"@type\":\"BreadcrumbList\",\"@id\":\"https:\\\/\\\/biosiris-cosmetiques.com\\\/index.php\\\/mentions-legales\\\/#breadcrumb\",\"itemListElement\":[{\"@type\":\"ListItem\",\"position\":1,\"name\":\"Accueil\",\"item\":\"https:\\\/\\\/biosiris-cosmetiques.com\\\/\"},{\"@type\":\"ListItem\",\"position\":2,\"name\":\"Mentions l\u00e9gales\"}]},{\"@type\":\"WebSite\",\"@id\":\"https:\\\/\\\/biosiris-cosmetiques.com\\\/#website\",\"url\":\"https:\\\/\\\/biosiris-cosmetiques.com\\\/\",\"name\":\"Biosiris Cosm\u00e9tiques\",\"description\":\"Biosiris Cosm\u00e9tiques - Soins naturels et biologiques\",\"publisher\":{\"@id\":\"https:\\\/\\\/biosiris-cosmetiques.com\\\/#organization\"},\"potentialAction\":[{\"@type\":\"SearchAction\",\"target\":{\"@type\":\"EntryPoint\",\"urlTemplate\":\"https:\\\/\\\/biosiris-cosmetiques.com\\\/?s={search_term_string}\"},\"query-input\":{\"@type\":\"PropertyValueSpecification\",\"valueRequired\":true,\"valueName\":\"search_term_string\"}}],\"inLanguage\":\"fr-FR\"},{\"@type\":\"Organization\",\"@id\":\"https:\\\/\\\/biosiris-cosmetiques.com\\\/#organization\",\"name\":\"Biosiris Cosm\u00e9tiques\",\"url\":\"https:\\\/\\\/biosiris-cosmetiques.com\\\/\",\"logo\":{\"@type\":\"ImageObject\",\"inLanguage\":\"fr-FR\",\"@id\":\"https:\\\/\\\/biosiris-cosmetiques.com\\\/#\\\/schema\\\/logo\\\/image\\\/\",\"url\":\"https:\\\/\\\/biosiris-cosmetiques.com\\\/wp-content\\\/uploads\\\/2022\\\/12\\\/logo-biosiris-400.png\",\"contentUrl\":\"https:\\\/\\\/biosiris-cosmetiques.com\\\/wp-content\\\/uploads\\\/2022\\\/12\\\/logo-biosiris-400.png\",\"width\":400,\"height\":175,\"caption\":\"Biosiris Cosm\u00e9tiques\"},\"image\":{\"@id\":\"https:\\\/\\\/biosiris-cosmetiques.com\\\/#\\\/schema\\\/logo\\\/image\\\/\"},\"sameAs\":[\"https:\\\/\\\/www.facebook.com\\\/biosiris.cosmetiques\",\"https:\\\/\\\/www.instagram.com\\\/biosiriscosmetiquesbio\\\/\"]}]}<\/script>\n<!-- \/ Yoast SEO plugin. -->","yoast_head_json":{"title":"Mentions l\u00e9gales - Biosiris Cosm\u00e9tiques","robots":{"index":"index","follow":"follow","max-snippet":"max-snippet:-1","max-image-preview":"max-image-preview:large","max-video-preview":"max-video-preview:-1"},"canonical":"https:\/\/biosiris-cosmetiques.com\/index.php\/mentions-legales\/","og_locale":"fr_FR","og_type":"article","og_title":"Mentions l\u00e9gales - Biosiris Cosm\u00e9tiques","og_description":"Mentions l\u00e9gales et confidentialit\u00e9 G\u00e9n\u00e9ralit\u00e9s Le site biosiris-cosmetiques.com est g\u00e9r\u00e9 par la soci\u00e9t\u00e9 ORGANIC-LAB-COSMETIC sarl au capital de 19 900 euros, immatricul\u00e9e au Registre du Commerce et des Soci\u00e9t\u00e9s de Bourges N\u00b0 SIREN 501 747 117 &#8211; N\u00b0 SIRET 501 747 117 00015 RCS BOURGES n\u00b0 501 747 117 &#8211; N\u00b0 de gestion 2008 B20Code [&hellip;]","og_url":"https:\/\/biosiris-cosmetiques.com\/index.php\/mentions-legales\/","og_site_name":"Biosiris Cosm\u00e9tiques","article_publisher":"https:\/\/www.facebook.com\/biosiris.cosmetiques","article_modified_time":"2023-07-05T10:08:50+00:00","twitter_card":"summary_large_image","twitter_misc":{"Dur\u00e9e de lecture estim\u00e9e":"2 minutes"},"schema":{"@context":"https:\/\/schema.org","@graph":[{"@type":"WebPage","@id":"https:\/\/biosiris-cosmetiques.com\/index.php\/mentions-legales\/","url":"https:\/\/biosiris-cosmetiques.com\/index.php\/mentions-legales\/","name":"Mentions l\u00e9gales - Biosiris Cosm\u00e9tiques","isPartOf":{"@id":"https:\/\/biosiris-cosmetiques.com\/#website"},"datePublished":"2023-01-13T08:59:40+00:00","dateModified":"2023-07-05T10:08:50+00:00","breadcrumb":{"@id":"https:\/\/biosiris-cosmetiques.com\/index.php\/mentions-legales\/#breadcrumb"},"inLanguage":"fr-FR","potentialAction":[{"@type":"ReadAction","target":["https:\/\/biosiris-cosmetiques.com\/index.php\/mentions-legales\/"]}]},{"@type":"BreadcrumbList","@id":"https:\/\/biosiris-cosmetiques.com\/index.php\/mentions-legales\/#breadcrumb","itemListElement":[{"@type":"ListItem","position":1,"name":"Accueil","item":"https:\/\/biosiris-cosmetiques.com\/"},{"@type":"ListItem","position":2,"name":"Mentions l\u00e9gales"}]},{"@type":"WebSite","@id":"https:\/\/biosiris-cosmetiques.com\/#website","url":"https:\/\/biosiris-cosmetiques.com\/","name":"Biosiris Cosm\u00e9tiques","description":"Biosiris Cosm\u00e9tiques - Soins naturels et biologiques","publisher":{"@id":"https:\/\/biosiris-cosmetiques.com\/#organization"},"potentialAction":[{"@type":"SearchAction","target":{"@type":"EntryPoint","urlTemplate":"https:\/\/biosiris-cosmetiques.com\/?s={search_term_string}"},"query-input":{"@type":"PropertyValueSpecification","valueRequired":true,"valueName":"search_term_string"}}],"inLanguage":"fr-FR"},{"@type":"Organization","@id":"https:\/\/biosiris-cosmetiques.com\/#organization","name":"Biosiris Cosm\u00e9tiques","url":"https:\/\/biosiris-cosmetiques.com\/","logo":{"@type":"ImageObject","inLanguage":"fr-FR","@id":"https:\/\/biosiris-cosmetiques.com\/#\/schema\/logo\/image\/","url":"https:\/\/biosiris-cosmetiques.com\/wp-content\/uploads\/2022\/12\/logo-biosiris-400.png","contentUrl":"https:\/\/biosiris-cosmetiques.com\/wp-content\/uploads\/2022\/12\/logo-biosiris-400.png","width":400,"height":175,"caption":"Biosiris Cosm\u00e9tiques"},"image":{"@id":"https:\/\/biosiris-cosmetiques.com\/#\/schema\/logo\/image\/"},"sameAs":["https:\/\/www.facebook.com\/biosiris.cosmetiques","https:\/\/www.instagram.com\/biosiriscosmetiquesbio\/"]}]}},"_links":{"self":[{"href":"https:\/\/biosiris-cosmetiques.com\/index.php\/wp-json\/wp\/v2\/pages\/1087","targetHints":{"allow":["GET"]}}],"collection":[{"href":"https:\/\/biosiris-cosmetiques.com\/index.php\/wp-json\/wp\/v2\/pages"}],"about":[{"href":"https:\/\/biosiris-cosmetiques.com\/index.php\/wp-json\/wp\/v2\/types\/page"}],"author":[{"embeddable":true,"href":"https:\/\/biosiris-cosmetiques.com\/index.php\/wp-json\/wp\/v2\/users\/1"}],"replies":[{"embeddable":true,"href":"https:\/\/biosiris-cosmetiques.com\/index.php\/wp-json\/wp\/v2\/comments?post=1087"}],"version-history":[{"count":8,"href":"https:\/\/biosiris-cosmetiques.com\/index.php\/wp-json\/wp\/v2\/pages\/1087\/revisions"}],"predecessor-version":[{"id":2462,"href":"https:\/\/biosiris-cosmetiques.com\/index.php\/wp-json\/wp\/v2\/pages\/1087\/revisions\/2462"}],"wp:attachment":[{"href":"https:\/\/biosiris-cosmetiques.com\/index.php\/wp-json\/wp\/v2\/media?parent=1087"}],"curies":[{"name":"wp","href":"https:\/\/api.w.org\/{rel}","templated":true}]}}